d + 3*c - 442 = 0. Let t = -293 - d. Is t composite?
False
Is 527*-214*(-18)/36 + 2/(-1) a prime number?
False
Let t(a) = 360*a**3 + 2*a**2 + a. Let d be t(-1). Is (-50 + 48)/(2/d) a prime number?
True
Let n(k) = 18*k**2 + 6*k - 17. Let x(a) = 18 - 34*a + 36*a - 11. Let c be x(0). Is n(c) composite?
False
Suppose -1270*c - 1225169 = -1281*c. Is c composite?
True
Suppose 3*p + 8*x - 4*x = 8577, 0 = 2*p - 7*x - 5747. Let t = -597 - -193. Let y = p + t. Is y a composite number?
False
Let n(f) = -2*f**2 - 4*f - 8. Let j be n(-2). Let m = 6 + j. Is 69/m*(-92)/6 a prime number?
False
Let g(l) = -l**3 + 14*l**2 - 15*l - 10. Let d be g(13). Let o = d - -26. Let m(a) = -38*a + 23. Is m(o) composite?
True
Suppose -5*m + 60 = 7*m. Suppose -5*n + 10*w - 7460 = m*w, -5*w + 15 = 0. Let c = 3016 + n. Is c a composite number?
True
Let s = 357 - 359. Let h(v) = 1182*v**2 + 6*v + 13. Is h(s) composite?
False
Let o be 2/6 + (-42)/(-9). Let m be 9/15 - 68/o. Is (-2)/m + (1 - 12786/(-39)) composite?
True
Let g(b) = 2*b**2 + 27*b + 224. Let i(a) = 3*a**2 + 26*a + 223. Let k(j) = -5*g(j) + 4*i(j). Is k(-17) a composite number?
False
Let p(r) = -3*r**3 + 3*r**2 + r - 5. Let s(n) = -n**2 + n + 8. Let u be s(-3). Let w be p(u). Suppose 2*f + w = 5*i + 1216, -3*f + i + 1510 = 0. Is f composite?
True
Let i be 13/(13/4) + 53893. Suppose -21*h + i = -3202. Is h a prime number?
True
Let q be ((-26)/(-4) - 5)*2*1. Suppose -2*l = q*i - 73, 0 = -i + 5*l - 4. Is (-6)/(3 + i) + (-1242)/(-8) a prime number?
False
Is 7 + (3 - 4) + (-2584515)/(-15) a composite number?
False
Let j(v) = 989*v**3 + 4*v**2 + 36*v - 319. Is j(10) a composite number?
False
Let z = 4165 - 19661. Let d = -5105 - z. Is d a prime number?
True
Let i(s) = 307*s**2 - 6*s - 30. Let y(t) = 461*t**2 - 10*t - 45. Let k(u) = -7*i(u) + 5*y(u). Is k(-4) a composite number?
True
Suppose 0 = -2*v - 3*t + 384298, 0 = 2*v - 58*t + 63*t - 384282. Is v prime?
True
Let z(s) = -25576*s - 919. Is z(-8) prime?
False
Let w(x) = x**3 + 5*x**2 + 2*x - 7. Let u be w(0). Is 3 + 3550 - (2 + u + 1) prime?
True
Let l(t) = t + 6. Let w be l(-14). Let z(g) = 5*g + 37. Let f be z(w). Let q = 61 + f. Is q a prime number?
False
Suppose -12 - 8 = -5*w. Suppose -4*a = k - 9854, -6 + w = -k. Is a a prime number?
False
Let c(l) = -108*l**3 - 19*l**2 - 167*l - 27. Is c(-13) prime?
True
Let c be (-5 + 8 - 3)/(-1). Suppose c = -9*d - 3*d + 15240. Suppose d = 2*t - 4*w, -t + 4*w + 636 = w. Is t a composite number?
True
Suppose 4*w = 4, -5*l - w - 147 = -l. Suppose 5*h - 302 = 6*h. Let a = l - h. Is a a composite number?
True
Let g be -5*3/(-30)*0. Suppose 2*m + g*m = 4*c + 34, -2*m + 25 = -c. Suppose 0 = m*f - 6*f - 1285. Is f composite?
False
Suppose 0 = -109*x + 98*x - 11. Is (1903/(-346))/(2/5228*x) prime?
False
Suppose -152*d + 63397385 = -60*d + 65*d. Is d prime?
False
Let d = 1957173 + -815372. Is d a composite number?
False
Let t = -916 + -554. Let h = 2869 + t. Is h prime?
True
Let u(y) = 908*y + 2 - 5178*y - 1. Is u(-1) a composite number?
False
Let r = -85 + 88. Suppose r*f = -2*j - 2*j + 7198, -5*j = -f - 9007. Is j a prime number?
True
Let z(m) be the first derivative of -350*m**4 + m**3/3 - 3*m**2/2 - 3*m + 63. Is z(-1) a prime number?
False
Suppose -2*v = 2*z - 133046, -4*v + 266092 = 130*z - 129*z. Is v a composite number?
False
Suppose 55*c - 42*c = 719355. Let y = c - 32236. Is y prime?
True
Suppose 2*a - 5*a = 0. Suppose -s - s + 30 = a. Is (-2)/10 - (-4938)/s a composite number?
True
Suppose 19*q - 481 = 6*q. Suppose -5*z + 55770 = -42*o + q*o, -z = 2*o - 11139. Is z a composite number?
False
Let j be 0 - (-342 - (-12)/2). Suppose j*h + 33988 = 340*h. Is h a prime number?
False
Suppose 5*y + 11*y = 16. Suppose -5*k - 14 = y, 0 = 2*m + 2*k - 13440. Suppose 0*f + 3*f = 4*w + m, 4*f = 5*w + 8965. Is f a prime number?
False
Let n = 28132 + -54155. Let x = n - -55422. Is x prime?
True
Suppose -2*y + 43 = 4*p - 5*y, -3*y + 20 = 5*p. Suppose -p*j = -j. Suppose 9*d - 17*d + 712 = j. Is d prime?
True
Suppose -3*c + 2*l - 26 = 0, 0 = 4*c - 4*l - 0*l + 32. Let r be ((-984)/(-15))/(2/c). Let b = 941 + r. Is b a composite number?
False
Let b(v) = -8466*v**3 - 5*v**2 - 5*v - 1. Let s(c) = -2*c**3 + 51*c**2 - 26*c + 24. Let j be s(25). Is b(j) a composite number?
True
Let q(p) = 157*p**2 - 9*p - 9. Suppose 0 = 3*b - a - 21 + 9, 0 = -4*a. Is q(b) a composite number?
False
Let t(o) = 2*o**3 - o**2 + 4. Let l be t(0). Suppose n = 4*q + 1827, -n - 3*n = l. Let f = -246 - q. Is f prime?
True
Suppose 2*q + 13*s - 16996 = 16*s, 4*q + 2*s - 34008 = 0. Is q prime?
True
Let q be 4 - (-2 - (1 + -5))/2. Suppose 1205 = q*b - 1537. Is b a prime number?
False
Suppose 33107776 = 29*i - 6157267. Is i prime?
True
Let r = -29509 - -60173. Is r/6 + (-45)/(-135) prime?
False
Suppose -6*l + 2788 = -656. Let g = 1437 - l. Is g a composite number?
False
Let f(n) = n**3 + 19*n**2 + 20*n + 39. Let c be f(-18). Suppose 4*v = v - 6, -c*w + 5*v + 6541 = 0. Is w prime?
False
Let t = -3514 + 2058. Let a = 4539 + t. Is a a prime number?
True
Is (-1 + 1/2)*(110 - 12004) prime?
False
Suppose 5*y = 4*w + 233481, -3*y - 2*w + 85343 = -54728. Is y a composite number?
True
Let u = -17830 + 40973. Is u a composite number?
False
Suppose 77*s - 81*s + 4 = 0. Let w be 20/20*-49*s. Is (-3649)/(-7) + 14/w a prime number?
True
Suppose -z + 3*z = 2*v + 17290, 2*z - 17286 = v. Is z composite?
False
Let d = -51412 - -118203. Is d a composite number?
False
Suppose 653171 = 61*u + 118*u. Is u a prime number?
False
Suppose -3*a - 130 - 80 = 0. Let u be (a/7 + 8)*(-3)/2. Suppose -u*h = -6, 4*h + 88 + 220 = 4*g. Is g a composite number?
False
Let q(f) = -f + 22. Let y be q(6). Let a be y/((-7)/((-14)/4)). Suppose a*n - 3704 = 22176. Is n prime?
False
Suppose 93*g - 5337060 = 29*g - 1833892. Is g a composite number?
True
Suppose -2080438 = -26*a + 179560. Is a a composite number?
False
Is 7217960/10*(5 + (-95)/20) prime?
False
Suppose -13 = -j - 2*j - s, -2*j - s + 9 = 0. Suppose 1391 + 677 = j*w. Is w a composite number?
True
Let k = -190 - -192. Is 285/95 + 2/k + 261 composite?
True
Suppose -34*d + 1098991 = 374966 - 1382241. Is d composite?
False
Let g be 3/(1 - 4)*518*-1. Let l(j) = 4*j - 192 - 4*j + g - 2*j. Is l(0) composite?
True
Let i(x) = 36*x**2 - 54*x + 95. Is i(20) composite?
True
Suppose -5*r + 3*t = 8*t - 945, 2*r - 343 = 5*t. Let l = r + 1287. Is l prime?
True
Let j = -61 - -53. Let x(w) = -759*w**2 + 7*w + 2. Let b be x(j). Is (-6)/33 - (b/55 - 3) a prime number?
True
Is ((-4)/(-10))/(67333119/9619015 - 7) prime?
True
Let a(h) = -101*h**3 - h**2 + 29*h + 158. Is a(-11) prime?
False
Suppose -2*k - 5*z + 37 = 0, 40 = 3*k - z + 10. Let d(x) = -2 + 27*x + 10*x - k. Is d(11) a prime number?
False
Suppose 88187 - 21869 = 42*p. Is p a prime number?
True
Suppose 0 = 66*x - 6*x - 360. Let o(t) = -3*t + 11 + 2*t**2 + 5*t + 5*t + 16*t**2. Is o(x) a composite number?
False
Let o(a) be the third derivative of -a**6/60 - a**5/15 + a**4/6 + 2*a**3 - 27*a**2. Let f be o(-7). Let s = -251 + f. Is s a composite number?
False
Let b(k) = 1521*k - 4. Is b(17) a prime number?
False
Suppose 0*y - 7*y = 7. Let k(u) = u**2 + 2*u + 1. Let d be k(y). Suppose d = -3*v + 7*v - r - 2751, -v - 4*r + 709 = 0. Is v a composite number?
True
Let m(b) be the second derivative of 0 - 15/2*b**2 + 1/20*b**5 - 3/2*b**3 + 2/3*b**4 - 27*b. Is m(-7) a composite number?
False
Let j(x) = 192674*x**3 - 3*x**2 + 11*x - 8. Is j(1) prime?
False
Is ((-7614)/(-135) - -17)/(2/1390) prime?
False
Suppose -37*k - 2112319 = -173*k + 1894105. Is k a composite number?
True
Let r = -13646 - -14135. Is r prime?
False
Let m be ((-42584)/(-40) + -3)/(4/10). Let t = 3099 + m. Is t a composite number?
True
Let o = 604841 - 429114. Is o composite?
False
Suppose q + 334890 = 5*u, 5*u + 43*q = 42*q + 334900. Is u a composite number?
True
Let n(a) = -15*a**3 + 26*a**2 + 39*a - 16. Is n(-9) prime?
False
Let p be (-10)/(-25) + (-28)/(-5). Suppose 2*n - 3729 = -5*k, -2*n + 2*k = p*k - 3730. Let i = -1276 + n. Is i composite?
True
Let m = -180 - -185. Is ((-8316)/(-6))/3 + m prime?
True
Let n = 426 - 421. Suppose -4*o - n*p + 25806 = 0, o = -3*p - 0*p + 6455. Is o composite?
False
Let t = -669 + 3010. Suppose 0 = 4*g + j - 504 - 4173, 3*j = -2*g +